{"id":1823,"date":"2025-06-26T22:24:17","date_gmt":"2025-06-26T19:24:17","guid":{"rendered":"https:\/\/info.hestiahotels.com\/strand\/?page_id=1823"},"modified":"2025-07-09T19:02:59","modified_gmt":"2025-07-09T16:02:59","slug":"konverentsid-ja-uritused","status":"publish","type":"page","link":"https:\/\/info.hestiahotels.com\/strand\/konverentsid-ja-uritused\/","title":{"rendered":"Konverentsid ja \u00fcritused"},"content":{"rendered":"<div class=\"wpb-content-wrapper\"><p>[vc_row css=&#8221;.vc_custom_1621088788434{padding-top: 80px !important;padding-bottom: 50px !important;background-position: center !important;background-repeat: no-repeat !important;background-size: cover !important;}&#8221;][vc_column width=&#8221;1\/2&#8243;]       \n      <div class=\"mo-title-box title-box-style1  text-left\"  ><h5>Hestia Hotel Strand<\/h5><h3>Sinu s\u00fcndmusest saab puhkus!<\/h3> <\/div>\n    [vc_column_text]<span style=\"font-weight: 400;\">Pakume konverentside ja s\u00fcndmuste korraldamiseks kvaliteetseid terviklahendusi. Konverentsikeskuse kaheksast saalist seitse on nimetatud L\u00e4\u00e4nemere-\u00e4\u00e4rsete randade j\u00e4rgi \u2013 Pirita, Paralepa, P\u00e4rnu, Jurmala, Liepaja, Palanga, Nida. Viiendal korrusel asuv Lahe saal on kauni panoraamvaatega P\u00e4rnu lahele. Korraldame just sulle sobiva \u00fcrituse!<\/span>[\/vc_column_text][vc_btn title=&#8221;K\u00fcsi pakkumist&#8221; style=&#8221;classic&#8221; color=&#8221;default&#8221; link=&#8221;url:https%3A%2F%2Fwww.hestiahotels.com%2Fstrand%2Fparinguvorm%2F|title:P%C3%A4ringuvorm&#8221;][vc_empty_space height=&#8221;15px&#8221;][vc_btn title=&#8221;Tutvu konverentsiruumidega&#8221; style=&#8221;classic&#8221; color=&#8221;default&#8221; link=&#8221;url:https%3A%2F%2Fwww.hestiahotels.com%2Fstrand%2Fkonverentsiruumid%2F|title:Konverentsiruumid&#8221;][\/vc_column][vc_column width=&#8221;1\/2&#8243;][vc_gallery interval=&#8221;10&#8243; images=&#8221;1855,1839,1837,1833,1831,1853,1835&#8243; img_size=&#8221;large&#8221; onclick=&#8221;&#8221;][\/vc_column][\/vc_row]<\/p>\n<\/div>","protected":false},"excerpt":{"rendered":"<p>[vc_row css=&#8221;.vc_custom_1621088788434{padding-top: 80px !important;padding-bottom: 50px !important;background-position: center !important;background-repeat: no-repeat !important;background-size: cover !important;}&#8221;][vc_column width=&#8221;1\/2&#8243;][vc_column_text]Pakume konverentside ja s\u00fcndmuste korraldamiseks kvaliteetseid terviklahendusi. Konverentsikeskuse kaheksast saalist seitse on nimetatud L\u00e4\u00e4nemere-\u00e4\u00e4rsete randade j\u00e4rgi \u2013 Pirita, Paralepa, P\u00e4rnu, Jurmala, Liepaja, Palanga, Nida. Viiendal korrusel asuv Lahe saal on kauni panoraamvaatega P\u00e4rnu lahele. Korraldame just sulle sobiva \u00fcrituse![\/vc_column_text][vc_btn title=&#8221;K\u00fcsi pakkumist&#8221; style=&#8221;classic&#8221; color=&#8221;default&#8221; [&hellip;]<\/p>\n","protected":false},"author":10,"featured_media":0,"parent":0,"menu_order":0,"comment_status":"closed","ping_status":"closed","template":"","meta":{"inline_featured_image":false,"footnotes":""},"class_list":["post-1823","page","type-page","status-publish","hentry"],"_links":{"self":[{"href":"https:\/\/info.hestiahotels.com\/strand\/wp-json\/wp\/v2\/pages\/1823","targetHints":{"allow":["GET"]}}],"collection":[{"href":"https:\/\/info.hestiahotels.com\/strand\/wp-json\/wp\/v2\/pages"}],"about":[{"href":"https:\/\/info.hestiahotels.com\/strand\/wp-json\/wp\/v2\/types\/page"}],"author":[{"embeddable":true,"href":"https:\/\/info.hestiahotels.com\/strand\/wp-json\/wp\/v2\/users\/10"}],"replies":[{"embeddable":true,"href":"https:\/\/info.hestiahotels.com\/strand\/wp-json\/wp\/v2\/comments?post=1823"}],"version-history":[{"count":14,"href":"https:\/\/info.hestiahotels.com\/strand\/wp-json\/wp\/v2\/pages\/1823\/revisions"}],"predecessor-version":[{"id":2070,"href":"https:\/\/info.hestiahotels.com\/strand\/wp-json\/wp\/v2\/pages\/1823\/revisions\/2070"}],"wp:attachment":[{"href":"https:\/\/info.hestiahotels.com\/strand\/wp-json\/wp\/v2\/media?parent=1823"}],"curies":[{"name":"wp","href":"https:\/\/api.w.org\/{rel}","templated":true}]}}