{"id":1424,"date":"2025-06-17T20:41:48","date_gmt":"2025-06-17T18:41:48","guid":{"rendered":"https:\/\/info.hestiahotels.com\/strand\/?page_id=1424"},"modified":"2025-08-28T17:45:13","modified_gmt":"2025-08-28T14:45:13","slug":"esileht","status":"publish","type":"page","link":"https:\/\/info.hestiahotels.com\/strand\/","title":{"rendered":"Esileht"},"content":{"rendered":"<div class=\"wpb-content-wrapper\"><p>[vc_row row_separator=&#8221;curve&#8221; color_separator=&#8221;svg_white&#8221; content_bg_color=&#8221;bg-grey&#8221; css=&#8221;.vc_custom_1564708854662{background-position: center !important;background-repeat: no-repeat !important;background-size: cover !important;}&#8221;][vc_column][rev_slider_vc alias=&#8221;personal-landing&#8221;][\/vc_column][\/vc_row][vc_row content_animation=&#8221;yes&#8221; mo_init_scale_x=&#8221;1&#8243; mo_init_scale_y=&#8221;1&#8243; mo_init_scale_z=&#8221;1&#8243; mo_init_opacity=&#8221;0&#8243; mo_an_scale_x=&#8221;1&#8243; mo_an_scale_y=&#8221;1&#8243; mo_an_scale_z=&#8221;1&#8243; mo_an_opacity=&#8221;1&#8243; css=&#8221;.vc_custom_1756392309357{padding-top: 30px !important;padding-bottom: 30px !important;}&#8221; mo_init_translate_y=&#8221;71&#8243; mo_init_translate_z=&#8221;-92&#8243; mo_init_rotate_x=&#8221;-27&#8243; el_id=&#8221;loe&#8221; mo_init_values=&#8221;&#8221; mo_animations_values=&#8221;&#8221;][vc_column css=&#8221;.vc_custom_1621147368965{border-bottom-width: -30px !important;}&#8221;]       \n      <div class=\"mo-title-box title-box-style1  text-center\"  ><h5>Hestia Hotel Strand<\/h5><h3>Avasta meie hotelli<\/h3> <\/div>\n    [vc_row_inner css=&#8221;.vc_custom_1621147145469{padding-top: 20px !important;padding-bottom: 20px !important;}&#8221; el_class=&#8221;tablet_column_full&#8221;][vc_column_inner width=&#8221;1\/3&#8243;][vc_column_text css=&#8221;.vc_custom_1621079927331{padding-top: 10px !important;}&#8221;]<\/p>\n<h4 style=\"text-align: center;\">Praktiline info<\/h4>\n<p>[\/vc_column_text]\t<div class=\"image-box  image-box-style3\">\n        \n\t\t<div class=\"thumb-service\">\n\t\t\t<img decoding=\"async\" src=\"https:\/\/info.hestiahotels.com\/strand\/wp-content\/uploads\/sites\/9\/2025\/06\/Strand-exterior-2-1.jpg\" alt=\"K\u00f5ik vajalik\"\/>\n\t\t<\/div><div class=\"title-wrap\">\n  <h6>K\u00f5ik vajalik<\/h6><a class=\"button btn-txt btn-txt-arrow dark hr_primary  bg_hr_primary\" href=\"https:\/\/info.hestiahotels.com\/strand\/praktiline-info\/\" target=\"_self\"><span class=\"button-text\">Rohkem infot<\/span> <span class=\"button-arrow\"><span class=\"button-icon\"><\/span><\/span><\/a> <\/div>\t<\/div>\n    [\/vc_column_inner][vc_column_inner width=&#8221;1\/3&#8243;][vc_column_text css=&#8221;.vc_custom_1751007995957{padding-top: 10px !important;}&#8221;]<\/p>\n<h4 style=\"text-align: center;\">Tehnika ja infrastruktuur<\/h4>\n<p>[\/vc_column_text]\t<div class=\"image-box  image-box-style3\">\n        \n\t\t<div class=\"thumb-service\">\n\t\t\t<img decoding=\"async\" src=\"https:\/\/info.hestiahotels.com\/strand\/wp-content\/uploads\/sites\/9\/2025\/08\/Kuidas-kasutada-avapilt.jpg\" alt=\"Kuidas kasutada?\"\/>\n\t\t<\/div><div class=\"title-wrap\">\n  <h6>Kuidas kasutada?<\/h6><a class=\"button btn-txt btn-txt-arrow dark hr_primary  bg_hr_primary\" href=\"https:\/\/info.hestiahotels.com\/strand\/tehnika-ja-infrastruktuur\/\" target=\"_self\"><span class=\"button-text\">Rohkem infot<\/span> <span class=\"button-arrow\"><span class=\"button-icon\"><\/span><\/span><\/a> <\/div>\t<\/div>\n    [\/vc_column_inner][vc_column_inner width=&#8221;1\/3&#8243;][vc_column_text css=&#8221;.vc_custom_1621511317018{padding-top: 10px !important;}&#8221;]<\/p>\n<h4 style=\"text-align: center;\">Restoran ja toit<\/h4>\n<p>[\/vc_column_text]\t<div class=\"image-box  image-box-style3\">\n        \n\t\t<div class=\"thumb-service\">\n\t\t\t<img decoding=\"async\" src=\"https:\/\/info.hestiahotels.com\/strand\/wp-content\/uploads\/sites\/9\/2025\/08\/Strand-resto-13.jpg\" alt=\"Maitsete r\u00e4nnak\"\/>\n\t\t<\/div><div class=\"title-wrap\">\n  <h6>Maitsete r\u00e4nnak<\/h6><a class=\"button btn-txt btn-txt-arrow dark hr_primary  bg_hr_primary\" href=\"https:\/\/info.hestiahotels.com\/strand\/restoran-ja-toit\/\" target=\"_self\"><span class=\"button-text\">Rohkem infot<\/span> <span class=\"button-arrow\"><span class=\"button-icon\"><\/span><\/span><\/a> <\/div>\t<\/div>\n    [\/vc_column_inner][\/vc_row_inner][\/vc_column][\/vc_row][vc_row][vc_column][vc_row_inner css=&#8221;.vc_custom_1621147145469{padding-top: 20px !important;padding-bottom: 20px !important;}&#8221; el_class=&#8221;tablet_column_full&#8221;][vc_column_inner width=&#8221;1\/3&#8243;][vc_column_text css=&#8221;.vc_custom_1621079932303{padding-top: 10px !important;}&#8221;]<\/p>\n<h4 style=\"text-align: center;\">Spaa ja heaolu<\/h4>\n<p>[\/vc_column_text]\t<div class=\"image-box  image-box-style3\">\n        \n\t\t<div class=\"thumb-service\">\n\t\t\t<img decoding=\"async\" src=\"https:\/\/info.hestiahotels.com\/strand\/wp-content\/uploads\/sites\/9\/2025\/06\/Water-and-sauna-spa-9.jpg\" alt=\"Sinu \u00fclim l\u00f5\u00f5gastus\"\/>\n\t\t<\/div><div class=\"title-wrap\">\n  <h6>Sinu \u00fclim l\u00f5\u00f5gastus<\/h6><a class=\"button btn-txt btn-txt-arrow dark hr_primary  bg_hr_primary\" href=\"https:\/\/info.hestiahotels.com\/strand\/spaa-ja-heaolu\/\" target=\"_self\"><span class=\"button-text\">Rohkem infot<\/span> <span class=\"button-arrow\"><span class=\"button-icon\"><\/span><\/span><\/a> <\/div>\t<\/div>\n    [\/vc_column_inner][vc_column_inner width=&#8221;1\/3&#8243;][vc_column_text css=&#8221;.vc_custom_1751007846854{padding-top: 10px !important;}&#8221;]<\/p>\n<h4 style=\"text-align: center;\">Reaalajas info<\/h4>\n<p>[\/vc_column_text]\t<div class=\"image-box  image-box-style3\">\n        \n\t\t<div class=\"thumb-service\">\n\t\t\t<img decoding=\"async\" src=\"https:\/\/info.hestiahotels.com\/strand\/wp-content\/uploads\/sites\/9\/2025\/06\/Hestia-pildid-1920x1080-Landscape-5.jpg\" alt=\"Saa kohe teada\"\/>\n\t\t<\/div><div class=\"title-wrap\">\n  <h6>Saa kohe teada<\/h6><a class=\"button btn-txt btn-txt-arrow dark hr_primary  bg_hr_primary\" href=\"https:\/\/info.hestiahotels.com\/strand\/reaalajas-info\/\" target=\"_self\"><span class=\"button-text\">Rohkem infot<\/span> <span class=\"button-arrow\"><span class=\"button-icon\"><\/span><\/span><\/a> <\/div>\t<\/div>\n    [\/vc_column_inner][vc_column_inner width=&#8221;1\/3&#8243;][vc_column_text css=&#8221;.vc_custom_1751007753922{padding-top: 10px !important;}&#8221;]<\/p>\n<h4 style=\"text-align: center;\">Kohalik elu<\/h4>\n<p>[\/vc_column_text]\t<div class=\"image-box  image-box-style3\">\n        \n\t\t<div class=\"thumb-service\">\n\t\t\t<img decoding=\"async\" src=\"https:\/\/info.hestiahotels.com\/strand\/wp-content\/uploads\/sites\/9\/2025\/06\/Kohalik-elu.jpg\" alt=\"Imeline P\u00e4rnu\"\/>\n\t\t<\/div><div class=\"title-wrap\">\n  <h6>Imeline P\u00e4rnu<\/h6><a class=\"button btn-txt btn-txt-arrow dark hr_primary  bg_hr_primary\" href=\"https:\/\/info.hestiahotels.com\/strand\/kohalik-elu-ja-soovitused\/\" target=\"_self\"><span class=\"button-text\">Rohkem infot<\/span> <span class=\"button-arrow\"><span class=\"button-icon\"><\/span><\/span><\/a> <\/div>\t<\/div>\n    [\/vc_column_inner][\/vc_row_inner][vc_empty_space height=&#8221;30px&#8221;][\/vc_column][\/vc_row][vc_row][vc_column][vc_column_text][\/vc_column_text][\/vc_column][\/vc_row][vc_row content_animation=&#8221;yes&#8221; mo_init_scale_x=&#8221;1&#8243; mo_init_scale_y=&#8221;1&#8243; mo_init_scale_z=&#8221;1&#8243; mo_init_opacity=&#8221;0&#8243; mo_an_scale_x=&#8221;1&#8243; mo_an_scale_y=&#8221;1&#8243; mo_an_scale_z=&#8221;1&#8243; mo_an_opacity=&#8221;1&#8243; css=&#8221;.vc_custom_1621148995627{padding-top: 30px !important;padding-bottom: 30px !important;}&#8221; mo_init_translate_y=&#8221;71&#8243; mo_init_translate_z=&#8221;-92&#8243; mo_init_rotate_x=&#8221;-27&#8243; el_class=&#8221;tablet_column_full&#8221;][vc_column width=&#8221;1\/2&#8243;]       \n      <div class=\"mo-title-box title-box-style1  text-left\"  ><h5>Hestia Hotel Strand<\/h5><h3>Lotte M\u00e4ngustuudio<\/h3> <\/div>\n    [vc_column_text el_class=&#8221;nimekiri&#8221;]<span style=\"font-weight: 400;\">Hotelli k\u00f5ige alumisel korrusel asuv elamuskeskus pere k\u00f5ige v\u00e4iksematele liikmetele. <\/span><\/p>\n<p><span style=\"font-weight: 400;\">Avatud <strong>E-P<\/strong> 10:00 &#8211; 19:00.<\/span>[\/vc_column_text][vc_empty_space height=&#8221;30px&#8221;]     <div class=\"text-left \">\n       <a class=\"button btn-solid btn-txt-circle light hr_light bg_primary bg_hr_primary outline_grey outline_hr_grey large radius0 linear\"  href=\"https:\/\/info.hestiahotels.com\/strand\/lotte-mangustuudio\/\" target=\"_self\"><span class=\"button-text\">Rohkem infot<\/span>\n                            <\/a> \n\t <\/div>\n    [\/vc_column][vc_column width=&#8221;1\/2&#8243;][vc_gallery type=&#8221;flexslider_slide&#8221; interval=&#8221;10&#8243; images=&#8221;1790,1788,1786,1816,1818&#8243; img_size=&#8221;large&#8221; onclick=&#8221;&#8221; css_animation=&#8221;fadeIn&#8221; el_class=&#8221;slider&#8221;][\/vc_column][\/vc_row][vc_row][vc_column][vc_column_text][\/vc_column_text][\/vc_column][\/vc_row][vc_row content_animation=&#8221;yes&#8221; mo_init_scale_x=&#8221;1&#8243; mo_init_scale_y=&#8221;1&#8243; mo_init_scale_z=&#8221;1&#8243; mo_init_opacity=&#8221;0&#8243; mo_an_scale_x=&#8221;1&#8243; mo_an_scale_y=&#8221;1&#8243; mo_an_scale_z=&#8221;1&#8243; mo_an_opacity=&#8221;1&#8243; css=&#8221;.vc_custom_1621148995627{padding-top: 30px !important;padding-bottom: 30px !important;}&#8221; mo_init_translate_y=&#8221;71&#8243; mo_init_translate_z=&#8221;-92&#8243; mo_init_rotate_x=&#8221;-27&#8243; el_class=&#8221;tablet_column_full&#8221;][vc_column width=&#8221;1\/2&#8243;][vc_row_inner][vc_column_inner][vc_gallery type=&#8221;flexslider_slide&#8221; interval=&#8221;10&#8243; images=&#8221;1839,1831,1833,1837,1855,1835&#8243; img_size=&#8221;large&#8221; onclick=&#8221;&#8221; css_animation=&#8221;fadeIn&#8221; el_class=&#8221;slider&#8221;][\/vc_column_inner][\/vc_row_inner][\/vc_column][vc_column width=&#8221;1\/2&#8243;]       \n      <div class=\"mo-title-box title-box-style1  text-right\"  ><h5>Hestia Hotel Strand<\/h5><h3>Konverentsid ja \u00fcritused<\/h3> <\/div>\n    [vc_column_text el_class=&#8221;nimekiri&#8221;]<\/p>\n<p style=\"text-align: right;\"><span style=\"font-weight: 400;\">Meie majas on 8 konverentsiruumi. Korralda oma j\u00e4rgmine s\u00fcndmus siin!<\/span><\/p>\n<p>[\/vc_column_text][vc_empty_space height=&#8221;30px&#8221;]     <div class=\"text-right \">\n       <a class=\"button btn-solid btn-txt-circle light hr_light bg_primary bg_hr_primary outline_grey outline_hr_grey large radius0 linear\"  href=\"https:\/\/info.hestiahotels.com\/strand\/konverentsid-ja-uritused\/\" target=\"_self\"><span class=\"button-text\">Rohkem infot<\/span>\n                            <\/a> \n\t <\/div>\n    [\/vc_column][\/vc_row][vc_row content_animation=&#8221;yes&#8221; mo_init_scale_x=&#8221;1&#8243; mo_init_scale_y=&#8221;1&#8243; mo_init_scale_z=&#8221;1&#8243; mo_init_opacity=&#8221;0&#8243; mo_an_scale_x=&#8221;1&#8243; mo_an_scale_y=&#8221;1&#8243; mo_an_scale_z=&#8221;1&#8243; mo_an_opacity=&#8221;1&#8243; css=&#8221;.vc_custom_1621148995627{padding-top: 30px !important;padding-bottom: 30px !important;}&#8221; mo_init_translate_y=&#8221;71&#8243; mo_init_translate_z=&#8221;-92&#8243; mo_init_rotate_x=&#8221;-27&#8243; el_class=&#8221;tablet_column_full&#8221;][vc_column width=&#8221;1\/2&#8243;]       \n      <div class=\"mo-title-box title-box-style1  text-left\"  ><h5>Hestia Hotel Strand<\/h5><h3>Fookus j\u00e4tkusuutlikkusel<\/h3> <\/div>\n    [vc_column_text el_class=&#8221;nimekiri&#8221;]<span style=\"font-weight: 400;\">Hestia Hotel Strandis saad astuda vastutustundlikumaid samme, olgu selleks ja\u0308a\u0308tmete sorteerimine, teadlik toidunautimine vo\u0303i lihtsalt hotellitoas nutikamalt tegutsemine. <\/span><\/p>\n<p><span style=\"font-weight: 400;\">Loe l\u00e4hemalt, kuidas teha hotellik\u00fclalisena keskkonnas\u00f5bralikumaid valikuid.<\/span>[\/vc_column_text][vc_empty_space height=&#8221;30px&#8221;]     <div class=\"text-left \">\n       <a class=\"button btn-solid btn-txt-circle light hr_light bg_primary bg_hr_primary outline_grey outline_hr_grey large radius0 linear\"  href=\"https:\/\/info.hestiahotels.com\/strand\/fookus-jatkusuutlikkusel\/\" target=\"_self\"><span class=\"button-text\">Rohkem infot<\/span>\n                            <\/a> \n\t <\/div>\n    [\/vc_column][vc_column width=&#8221;1\/2&#8243;][vc_gallery type=&#8221;flexslider_slide&#8221; interval=&#8221;10&#8243; images=&#8221;1453,1452,1794&#8243; img_size=&#8221;large&#8221; onclick=&#8221;&#8221; css_animation=&#8221;fadeIn&#8221; el_class=&#8221;slider&#8221;][\/vc_column][\/vc_row][vc_row content_animation=&#8221;yes&#8221; mo_init_scale_x=&#8221;1&#8243; mo_init_scale_y=&#8221;1&#8243; mo_init_scale_z=&#8221;1&#8243; mo_init_opacity=&#8221;0&#8243; mo_an_scale_x=&#8221;1&#8243; mo_an_scale_y=&#8221;1&#8243; mo_an_scale_z=&#8221;1&#8243; mo_an_opacity=&#8221;1&#8243; mo_init_translate_y=&#8221;72&#8243; mo_init_translate_z=&#8221;-93&#8243; mo_init_rotate_x=&#8221;-19&#8243; mo_start_delay=&#8221;200&#8243; el_id=&#8221;kontakt&#8221;][vc_column css=&#8221;.vc_custom_1621148179344{padding-top: 20px !important;padding-bottom: 20px !important;}&#8221;]       \n      <div class=\"mo-title-box title-box-style1  text-center\"  ><h3>V\u00f5ta meiega \u00fchendust<\/h3> <\/div>\n    [vc_column_text]<\/p>\n<p style=\"text-align: center;\">Kiirete k\u00fcsimuste korral oleme sinu jaoks alati olemas. V\u00f5ta meiega julgelt \u00fchendust.<\/p>\n<p style=\"text-align: center;\">Hotelli vastuv\u00f5tt asub esimesel korrusel ja on avatud 24h.<\/p>\n<p style=\"text-align: center;\">Hotellisisene telefoninumber on: <strong>500<\/strong><\/p>\n<p>[\/vc_column_text][vc_empty_space height=&#8221;30px&#8221;][vc_row_inner content_placement=&#8221;middle&#8221;][vc_column_inner width=&#8221;1\/2&#8243; css=&#8221;.vc_custom_1621148662968{padding-left: 10% !important;}&#8221;]\t\t<div class=\"service iconbox  icon-box-style6\" >\n\t\t    <div class=\"icon-wrap\"><i class=\"fas fa-envelope\"><\/i><\/div>\t\t  <div class=\"title-wrap\">\n\t\t\t   \t\t\t   <div class=\"content\"><p><strong><a href=\"mailto:info.strand@hestiahotels.com\">info.strand@hestiahotels.com<\/a><\/strong><\/p>\n<\/div>          <\/div>\n\t\t<\/div>\n        <div class=\"clearfix\"><\/div>\n    [\/vc_column_inner][vc_column_inner width=&#8221;1\/2&#8243; css=&#8221;.vc_custom_1621148676682{padding-right: 10% !important;}&#8221;]\t\t<div class=\"service iconbox  icon-box-style6\" >\n\t\t    <div class=\"icon-wrap\"><i class=\"fas fa-phone-alt\"><\/i><\/div>\t\t  <div class=\"title-wrap\">\n\t\t\t   \t\t\t   <div class=\"content\"><p><strong>Tel: <a href=\"http:\/\/Tel:+3724475370\">+372 447 5370<\/a><\/strong><\/p>\n<\/div>          <\/div>\n\t\t<\/div>\n        <div class=\"clearfix\"><\/div>\n    [\/vc_column_inner][\/vc_row_inner][\/vc_column][\/vc_row][vc_row content_animation=&#8221;yes&#8221; mo_init_scale_x=&#8221;1&#8243; mo_init_scale_y=&#8221;1&#8243; mo_init_scale_z=&#8221;1&#8243; mo_init_opacity=&#8221;0&#8243; mo_an_scale_x=&#8221;1&#8243; mo_an_scale_y=&#8221;1&#8243; mo_an_scale_z=&#8221;1&#8243; mo_an_opacity=&#8221;1&#8243; css=&#8221;.vc_custom_1621080569273{padding-top: 40px !important;padding-bottom: 40px !important;}&#8221; mo_init_translate_y=&#8221;71&#8243; mo_init_translate_z=&#8221;-92&#8243; mo_init_rotate_x=&#8221;-27&#8243;][vc_column]       \n      <div class=\"mo-title-box title-box-style1  text-center\"  ><h5>Meie asukoht<\/h5><h3>Hotelli asukoht<\/h3><div class=\"content\">Asume aadressil A. H. Tammsaare pst 35, 80010 P\u00e4rnu, Eesti<\/div> <\/div>\n    [\/vc_column][\/vc_row][vc_row full_width=&#8221;stretch_row_content_no_spaces&#8221; css=&#8221;.vc_custom_1621020365926{margin-bottom: -45px !important;}&#8221;][vc_column][vc_column_text][\/vc_column_text][\/vc_column][\/vc_row]<\/p>\n<\/div>","protected":false},"excerpt":{"rendered":"<p>[vc_row row_separator=&#8221;curve&#8221; color_separator=&#8221;svg_white&#8221; content_bg_color=&#8221;bg-grey&#8221; css=&#8221;.vc_custom_1564708854662{background-position: center !important;background-repeat: no-repeat !important;background-size: cover !important;}&#8221;][vc_column][rev_slider_vc alias=&#8221;personal-landing&#8221;][\/vc_column][\/vc_row][vc_row content_animation=&#8221;yes&#8221; mo_init_scale_x=&#8221;1&#8243; mo_init_scale_y=&#8221;1&#8243; mo_init_scale_z=&#8221;1&#8243; mo_init_opacity=&#8221;0&#8243; mo_an_scale_x=&#8221;1&#8243; mo_an_scale_y=&#8221;1&#8243; mo_an_scale_z=&#8221;1&#8243; mo_an_opacity=&#8221;1&#8243; css=&#8221;.vc_custom_1756392309357{padding-top: 30px !important;padding-bottom: 30px !important;}&#8221; mo_init_translate_y=&#8221;71&#8243; mo_init_translate_z=&#8221;-92&#8243; mo_init_rotate_x=&#8221;-27&#8243; el_id=&#8221;loe&#8221; mo_init_values=&#8221;&#8221; mo_animations_values=&#8221;&#8221;][vc_column css=&#8221;.vc_custom_1621147368965{border-bottom-width: -30px !important;}&#8221;][vc_row_inner css=&#8221;.vc_custom_1621147145469{padding-top: 20px !important;padding-bottom: 20px !important;}&#8221; el_class=&#8221;tablet_column_full&#8221;][vc_column_inner width=&#8221;1\/3&#8243;][vc_column_text css=&#8221;.vc_custom_1621079927331{padding-top: 10px !important;}&#8221;] Praktiline info [\/vc_column_text][\/vc_column_inner][vc_column_inner width=&#8221;1\/3&#8243;][vc_column_text css=&#8221;.vc_custom_1751007995957{padding-top: 10px !important;}&#8221;] Tehnika ja infrastruktuur [&hellip;]<\/p>\n","protected":false},"author":10,"featured_media":0,"parent":0,"menu_order":0,"comment_status":"closed","ping_status":"closed","template":"page-no-title-bar.php","meta":{"inline_featured_image":false,"footnotes":""},"class_list":["post-1424","page","type-page","status-publish","hentry"],"_links":{"self":[{"href":"https:\/\/info.hestiahotels.com\/strand\/wp-json\/wp\/v2\/pages\/1424","targetHints":{"allow":["GET"]}}],"collection":[{"href":"https:\/\/info.hestiahotels.com\/strand\/wp-json\/wp\/v2\/pages"}],"about":[{"href":"https:\/\/info.hestiahotels.com\/strand\/wp-json\/wp\/v2\/types\/page"}],"author":[{"embeddable":true,"href":"https:\/\/info.hestiahotels.com\/strand\/wp-json\/wp\/v2\/users\/10"}],"replies":[{"embeddable":true,"href":"https:\/\/info.hestiahotels.com\/strand\/wp-json\/wp\/v2\/comments?post=1424"}],"version-history":[{"count":34,"href":"https:\/\/info.hestiahotels.com\/strand\/wp-json\/wp\/v2\/pages\/1424\/revisions"}],"predecessor-version":[{"id":2246,"href":"https:\/\/info.hestiahotels.com\/strand\/wp-json\/wp\/v2\/pages\/1424\/revisions\/2246"}],"wp:attachment":[{"href":"https:\/\/info.hestiahotels.com\/strand\/wp-json\/wp\/v2\/media?parent=1424"}],"curies":[{"name":"wp","href":"https:\/\/api.w.org\/{rel}","templated":true}]}}